ber?
True
Is 1146469 a composite number?
True
Is 11358601 composite?
True
Is 3036053 prime?
True
Is 10317407 a composite number?
True
Is 18279973 a composite number?
True
Is 11626679 a prime number?
False
Is 55624559 prime?
True
Is 29463491 composite?
False
Is 55573891 composite?
False
Is 1194503 a composite number?
True
Is 2359481 a prime number?
False
Is 65493091 a composite number?
False
Is 3684887 a prime number?
False
Is 142791817 prime?
False
Is 10030087 a prime number?
True
Is 1023821 a prime number?
True
Is 144460859 prime?
False
Is 1196603 prime?
True
Is 1079629 a prime number?
True
Is 71256487 a composite number?
True
Is 3484603 a prime number?
False
Is 1584122 a prime number?
False
Is 18506747 prime?
False
Is 2621005 a prime number?
False
Is 7060493 composite?
True
Is 89710501 a prime number?
False
Is 36880289 prime?
False
Is 3581791 a composite number?
False
Is 37303561 composite?
False
Is 26403547 a composite number?
False
Is 58589439 a composite number?
True
Is 82799 a composite number?
False
Is 207526591 prime?
True
Is 31706981 a prime number?
False
Is 18492127 a prime number?
True
Is 37549241 a prime number?
True
Is 19003741 a prime number?
True
Is 678423377 a composite number?
False
Is 14392999 a prime number?
False
Is 36759809 a prime number?
True
Is 2580119 prime?
True
Is 1462739 prime?
True
Is 198540115 prime?
False
Is 3280397 composite?
True
Is 24663839 a prime number?
False
Is 61318121 a prime number?
True
Is 378718201 composite?
False
Is 86177401 a composite number?
True
Is 23763655 a prime number?
False
Is 4660801 a composite number?
False
Is 14354126 a prime number?
False
Is 54867467 composite?
False
Is 68265521 prime?
True
Is 62159 prime?
False
Is 95304221 a prime number?
True
Is 214833863 prime?
True
Is 71581009 prime?
False
Is 5251859 composite?
False
Is 3193129 a composite number?
False
Is 3001573 prime?
False
Is 2770199 a composite number?
False
Is 415121417 composite?
False
Is 567107 a composite number?
False
Is 61205871 a composite number?
True
Is 58524423 composite?
True
Is 1333357 a composite number?
False
Is 21625159 a composite number?
True
Is 60283037 composite?
True
Is 61818661 composite?
False
Is 20579777 a prime number?
True
Is 5421854 a prime number?
False
Is 4436171 a composite number?
True
Is 260329 prime?
True
Is 6981449 a composite number?
False
Is 12009031 composite?
False
Is 73237 prime?
True
Is 6319223 prime?
False
Is 803911 a prime number?
True
Is 5852423 prime?
True
Is 122091715 a prime number?
False
Is 8139349 a composite number?
True
Is 1827923 a prime number?
False
Is 6668047 prime?
True
Is 685603 a composite number?
True
Is 2742461 a composite number?
False
Is 3978803 prime?
True
Is 3669797 prime?
False
Is 78053245 a prime number?
False
Is 344661409 a composite number?
False
Is 6507359 prime?
True
Is 336332897 composite?
False
Is 11374399 prime?
True
Is 189421 composite?
False
Is 1500913 composite?
True
Is 460226011 a composite number?
True
Is 770619 prime?
False
Is 100487011 a prime number?
True
Is 42407327 a prime number?
True
Is 28666843 composite?
False
Is 382471 a prime number?
False
Is 76751427 composite?
True
Is 21248471 prime?
False
Is 19917499 a composite number?
True
Is 169239898 prime?
False
Is 7331969 a prime number?
True
Is 3431279 composite?
True
Is 27574039 a composite number?
False
Is 2790289 prime?
True
Is 3627699 prime?
False
Is 210088843 composite?
False
Is 7538081 a composite number?
False
Is 104281 prime?
True
Is 86340799 composite?
False
Is 511787 composite?
False
Is 1055857 composite?
True
Is 143927285 a composite number?
True
Is 18225013 a prime number?
True
Is 13538297 a composite number?
False
Is 339281 prime?
False
Is 677225929 a composite number?
True
Is 324082993 a prime number?
False
Is 29716341 a prime number?
False
Is 184901 a prime number?
True
Is 6051209 a prime number?
True
Is 1380361 prime?
False
Is 9416783 prime?
False
Is 3441121 composite?
False
Is 8493382 a prime number?
False
Is 289840983 a prime number?
False
Is 3584563 prime?
True
Is 6297385 composite?
True
Is 47517511 a prime number?
False
Is 7827587 a composite number?
False
Is 14413253 a prime number?
True
Is 792088259 a composite number?
True
Is 751597277 a prime number?
True
Is 4086653 prime?
False
Is 3652097 prime?
True
Is 101095057 a composite number?
True
Is 6829843 a prime number?
False
Is 214242131 composite?
False
Is 21285787 a composite number?
True
Is 1063939 composite?
True
Is 12921149 prime?
False
Is 237447794 a prime number?
False
Is 56619443 a composite number?
True
Is 24393937 prime?
False
Is 882218759 a prime number?
True
Is 7394665 composite?
True
Is 17200501 a composite number?
False
Is 13862231 composite?
False
Is 9194179 a prime number?
True
Is 124571939 prime?
False
Is 153330487 a composite number?
False
Is 6078283 a prime number?
True
Is 1777289 a composite number?
False
Is 3307679 prime?
True
Is 10630645 composite?
True
Is 8197271 prime?
True
Is 37248061 composite?
False
Is 132344887 a composite number?
False
Is 19563007 composite?
True
Is 18442337 a prime number?
True
Is 502433 prime?
False
Is 31298537 a composite number?
False
Is 1370977 a composite number?
False
Is 1951571 prime?
False
Is 15356897 composite?
False
Is 50957663 a composite number?
False
Is 30617521 a composite number?
True
Is 7011391 a composite number?
True
Is 37559677 a prime number?
False
Is 23802169 composite?
False
Is 58985783 prime?
False
Is 21739219 composite?
True
Is 64916983 composite?
False
Is 240386983 a prime number?
True
Is 7167997 a composite number?
True
Is 34867429 a composite number?
True
Is 5059591 a composite number?
True
Is 658033 prime?
False
Is 57026111 a prime number?
True
Is 87751043 a prime number?
False
Is 12487263 a composite number?
True
Is 286998937 composite?
False
Is 12953181 composite?
True
Is 842573 prime?
False
Is 117331087 composite?
False
Is 576271 a composite number?
True
Is 19730551 composite?
False
Is 62348477 composite?
True
Is 2773817 composite?
False
Is 6894785 a prime number?
False
Is 19280221 composite?
False
Is 288968177 prime?
True
Is 2453639 a prime number?
False
Is 464727313 composite?
True
Is 2234 composite?
True
Is 2126363 composite?
False
Is 10023969 a prime number?
False
Is 7225109 composite?
True
Is 44584987 prime?
False
Is 55363249 prime?
False
Is 59152042 a prime number?
False
Is 37078243 a prime number?
True
Is 15377813 composite?
True
Is 9677 composite?
False
Is 4572671 composite?
False
Is 7327543 prime?
True
Is 1076893 composite?
False
Is 5183813 a prime number?
True
Is 5299627 a composite number?
False
Is 156924553 prime?
False
Is 96207977 a composite number?
True
Is 108585313 a composite number?
False
Is 221419117 composite?
False
Is 6963841 composite?
True
Is 924962 composite?
True
Is 6560579 a composite number?
False
Is 5223643 prime?
True
Is 1975187 a composite number?
False
Is 3882938 a prime number?
False
Is 419670113 prime?
True
Is 211834999 a composite number?
True
Is 30784529 composite?
False
Is 384383 a prime number?
True
Is 5595923 a composite number?
True
Is 292073 prime?
False
Is 87794923 a composite number?
True
Is 93829829 a composite number?
False
Is 2499793 composite?
False
Is 2112413 a composite number?
False
Is 914287 a prime number?
False
Is 4821899 a prime number?
True
Is 76330351 a composite number?
False
Is 477737914 a prime number?
False
Is 80194417 a composite number?
False
Is 14652821 prime?
True
Is 61560139 composite?
False
Is 10404047 a composite number?
True
Is 9909929 a prime number?
False
Is 1666383 prime?
False
Is 1967323 a prime number?
True
Is 18818909 composite?
False
Is 6475247 prime?
True
Is 52380793 composite?
True
Is 1332781 a composite number?
True
Is 65967673 prime?
False
Is 14557513 prime?
True
Is 3862369 a composite number?
True
Is 3398261 a composite number?
False
Is 15335291 composite?
False
Is 297395383 a composite number?
True
Is 5947519 a composite number?
False
Is 106967461 composite?
False
Is 9659589 composite?
True
Is 390455467 composite?
False
Is 11924485 a composite number?
True
Is 631751781 prime?
False
Is 82344995 a composite number?
True
Is 9819646 a prime number?
False
Is 242117783 a prime number?
True
Is 217228063 composite?
True
Is 554417 a composite number?
False
Is 1946369 a composit